24. Let r = o + 2. What is the remainder when 25 is divided by r?
1
Let y(b) = -38*b - 1052. What is the remainder when y(-45) is divided by 134?
122
What is the remainder when 115 is divided by (-8)/4 - (-16 - 3)?
13
Calculate the remainder when 640 is divided by 360/84*((-420)/9)/(-5).
0
Suppose -892 = -3*d + 4*y, -8*d = -13*d - 4*y + 1444. Let c = 310 - d. What is the remainder when 63 is divided by c?
9
Let u = 14 - 9. Suppose 5*d = -10, -u*o + 2*o + 151 = -5*d. Let g(x) = 26*x**2 - 407*x - 1223. Calculate the remainder when g(-3) is divided by o.
44
Let v(s) = -3*s**3 - 4*s**2 + 2*s + 8. What is the remainder when v(-6) is divided by -1*2*252/(-6)?
80
Let o = 510 + -280. Let d = 268 - o. Calculate the remainder when 140 is divided by d.
26
Suppose 3*v - 3*o = 6*v - 126, 5*v - 260 = 5*o. Let p = 1058 + -482. Suppose -121 + p = 5*u. Calculate the remainder when u is divided by v.
44
Suppose -27 - 13 = -2*y. Suppose w + 1 - y = 0. Let o = 9370 + -9363. What is the remainder when w is divided by o?
5
Suppose -5159 = -65*z + 1666. What is the remainder when 366 is divided by z?
51
Let z = 128 + -108. What is the remainder when 113 is divided by ((-75)/z)/((-3)/32)?
33
Suppose 5*d + 154 = 16*d. What is the remainder when (-5)/(3800/768 - 5) is divided by d?
12
Let k(b) = -70*b + 318. What is the remainder when k(4) is divided by 19?
0
Let p(b) = -205*b + 108. Calculate the remainder when p(0) is divided by 107.
1
Let p = -619 - -713. Let k = 12 - -2. Calculate the remainder when p is divided by k.
10
Suppose -4*t - 3*b + 683 = -8*b, -5*b = -3*t + 516. What is the remainder when t is divided by 145?
22
Suppose 323 = 3*b - 5*i, 4*b + 24*i - 469 = 23*i. Suppose 5*t - b - 69 = 0. What is the remainder when 51 is divided by t?
14
Suppose 64 = 16*x + 16*x. Suppose 10 = 3*n + 9*o - 7*o, 0 = -x*n + 3*o + 11. Calculate the remainder when n is divided by 1 + (-2 - 0) + 4.
1
Suppose -2*d = d + 3*x - 795, 3*x = 5*d - 1333. Calculate the remainder when d is divided by 56.
42
Let f = 46 + -25. Let r(q) = 3*q**2 + 2*q - 44. Suppose 2*l - 16 = -6. What is the remainder when r(l) is divided by f?
20
Let i(v) = -29*v**2 + 2*v + 93. Calculate the remainder when 1013 is divided by i(0).
83
Suppose -12*c + f = -14*c + 12, 4*c - 4*f = 0. Suppose -2*w + 3*s + 86 = 7*s, -5*w + c*s + 201 = 0. Calculate the remainder when w is divided by 41.
0
Calculate the remainder when 1411 is divided by (10/6 - (-7)/21)*(-175)/(-14).
11
Let v(y) = -y**2 + 4. Let n be v(3). Let s be 3*-9 - n/(15/6). Calculate the remainder when (s - -1)*5/(-15) is divided by 5.
3
Let w = -9626 - -9715. Calculate the remainder when 541 is divided by w.
7
Let l = 38 + -28. Suppose -42*n + 37*n = -l. Suppose n = 2*h, 3*i + 6*h = 3*h + 45. What is the remainder when 95 is divided by i?
11
Suppose 0 = -3*v - 15*x + 20*x - 21, 0 = 4*v + 3*x - 1. What is the remainder when 101 - (6 + -2)*v is divided by 52?
5
Let h be 7/(245/14) - (-28)/5. What is the remainder when 34 is divided by -2 + 7 + h - -3?
6
Let n(s) = -6242*s + 18853. Suppose 3*x + 5*g = 84, -x + 43 = -5*g - 5. What is the remainder when n(3) is divided by x?
28
Let a be (-22)/4 - 14/28. Suppose 6*z - 126 = 3*z. What is the remainder when z is divided by 3 - (-8)/a*-9?
12
Let i = 37 - -103. Let u = i - 132. What is the remainder when 27 is divided by u?
3
Let y(w) = w**3 - 10*w**2 + 27*w - 24. Calculate the remainder when 2733 is divided by y(7).
15
Let i(t) = t**2 + 45*t + 299. What is the remainder when 275 is divided by i(-38)?
11
Let o = 275 + -250. Let a = -5 + 8. Let v = o - a. What is the remainder when 41 is divided by v?
19
Suppose 0 = 2*d - 5*m + 6, -3*d - 28*m = -31*m - 18. What is the remainder when 394 is divided by d?
10
Let b(q) = q**2 + 2. Let i be (-15)/20 + ((-3)/12 - 0). Let f be b(i). Calculate the remainder when (-594)/(-4) + f/(-6) + 0 is divided by 50.
48
Suppose -117*r + 114*r = -9135. Calculate the remainder when r is divided by 277.
275
Let g = 58 + -143. Let h = 181 - g. Suppose -271*q = -h*q - 95. Calculate the remainder when 67 is divided by q.
10
Let g = -4507 - -4886. What is the remainder when g is divided by 96?
91
Let d(n) = n**3 + 4*n**2 - 6*n. Let x = 20 - 25. Let h be d(x). Suppose 9*k - h*k - 56 = 0. What is the remainder when k is divided by 5?
4
Suppose -7*g + 2609 = 908. Let t = -269 - -319. What is the remainder when g is divided by t?
43
Let k be 75/6 + (-5)/(-2). Let i = k + 45. Calculate the remainder when i is divided by 17.
9
Let g = 89 + -88. Let k be g/3*(64 - (0 + 1)). Let v = k + 79. What is the remainder when v is divided by 17?
15
Suppose 36 = -125*v + 113*v. Calculate the remainder when 137 is divided by 41 + (8 + v)*(-8 - -7).
29
Let r = -85 + 93. Suppose c = 9*c - 32. Suppose -12*s + 376 = -c*s. What is the remainder when s is divided by r?
7
Suppose 67*p = 92*p - 1050. Calculate the remainder when 1719 is divided by p.
39
Suppose c = -3*d + 994, 2*d + 974 = 5*d + 5*c. What is the remainder when d is divided by 7?
4
Let p be 2*(-1)/((-3)/(-15)). Suppose -5*t = 3*c - 325, 3*c - 7*c - 2*t = -438. What is the remainder when 43 is divided by (8/p)/(6 - 664/c)?
21
Let i be 240/9*(-54)/(-24). What is the remainder when 16 is divided by (i/(-140))/((-2)/42)?
7
Suppose -34 = -12*t + 50. Let c(l) = l**3 - 3*l**2 + 13*l + 17. Calculate the remainder when c(t) is divided by 51.
49
Let d = -19168 + 19177. What is the remainder when 3203 is divided by d?
8
Suppose 6*b - 706 - 1136 = 0. Let h = -150 + 218. Let o = 112 - h. What is the remainder when b is divided by o?
43
Let q(t) = 6*t - 56. Let w(c) = 3. Let v(n) = -q(n) + 4*w(n). What is the remainder when 125 is divided by v(6)?
29
Suppose 0 = y + 5*p - 0*p - 111, -y + 4*p + 66 = 0. Suppose -33 = 62*f - 65*f. Calculate the remainder when (-1*y/8)/(28/(-112)) is divided by f.
10
What is the remainder when 702 is divided by 5 + 1 + (-3328)/(-208)?
20
Let c = 531 - 518. Let a(q) = q**2 + 7*q - 13. Let w be a(-9). Suppose 0 = -w*j - 67 + 442. Calculate the remainder when j is divided by c.
10
What is the remainder when (190 + 64)*((-153)/(-2) + -1) is divided by 14?
11
Suppose -46*v - 116*v + 6570 = 57*v. Calculate the remainder when 1344 is divided by v.
24
Let b(v) = 2*v**2 - 6*v + 3. Let u be b(5). Let m = u + 6. What is the remainder when m - 2*(-12)/8 is divided by 18?
14
Let p(v) = v**2 - 14*v + 36. Let q be p(11). What is the remainder when 51 is divided by -4 + (q - -4) - -12?
6
Suppose 15*k + 50*k - 16583 = -38*k. Calculate the remainder when 483 is divided by k.
0
Let l be (-141)/94*(-22)/(-3). Let m(w) = -w**3 - 13*w**2 - 30*w - 13. What is the remainder when 298 is divided by m(l)?
73
Let x be (0 - (-16)/(-3))*36/8. What is the remainder when -3*1*(-44)/x*-10 is divided by 8?
7
Let a(y) = 11*y - 103. Let n be a(25). Suppose n = -8*s + 12*s. What is the remainder when 166 is divided by s?
37
Suppose 12625*z - 12598*z = 23787. What is the remainder when 2678 is divided by z?
35
Let t = -27 - 5. Let a = t + 103. What is the remainder when a is divided by 9?
8
Let m be (26 + -20)*(-82)/(-3) + -3. Suppose 4*k - 865 - m = -5*i, -3*k - 2*i = -773. What is the remainder when k is divided by 26?
25
Suppose 108 = 5*b + 4*c, b + 2*c + 212 = 242. Suppose 3*o - 36 = 120. What is the remainder when o is divided by b?
4
Calculate the remainder when 2115 is divided by ((-4)/(-20) - 0)*2*80.
3
Suppose -a = -3*i + 7422, -2*i + 4965 = 9*a - 4*a. What is the remainder when i is divided by 21?
18
Suppose 204 = 15*x - 11*x. Suppose -4*r = n + x - 226, -25 = 5*r. What is the remainder when n is divided by 70?
55
Let g(j) = -5*j - 42 + 7*j + 10*j. Calculate the remainder when g(11) is divided by 7/(-42) + (-139)/(-6).
21
Let y be -3*1/3*-5. Suppose -4*b + 5*h + 128 = -b, y*b + 5*h = 280. Let i(w) = -2*w**2 - 19*w - 11. What is the remainder when b is divided by i(-8)?
12
Let d be (2 + 8/(-6))*3 + 42. Suppose 0 = 2*q + 5*r - d, -62 = -4*q + r + 2*r. Calculate the remainder when ((-40)/2)/(-4)*(17 + 2) is divided by q.
10
Let p = -14 - -2. Let o(w) = 69 + 8*w + w**2 - 5*w - 87. What is the remainder when o(p) is divided by 23?
21
Let g(f) = -20*f + 833. Calculate the remainder when g(0) is divided by 48.
17
Let g = 856 - 592. Calculate the remainder when 1266 is di